 + (1 - -13).
6
-9 + 10 - (-20 + -8 + (-8 - -17))
20
What is the value of 15 - 1 - (1530 + -1502)?
-14
(-1 - (8 + -3)) + (-9 - -8) + 4
-3
What is the value of -2 + (0 - -3) - (10 - 22)?
13
(-20 - -1) + 0 + 9 - (-20 - -18)
-8
Calculate 3 + 18 - (13 - -5).
3
(-2 + 13 - 13) + -44 + 1 + 9
-36
What is the value of 9 + (-4 - -3) + -19 - (2 + 2)?
-15
What is the value of 6 + -1 - (3 - (-7 - 15))?
-20
Evaluate -1 - (-7 + -4 - -7).
3
(4 - 6) + 33 + 1
32
Evaluate 12 - (13 - (16 + -10)).
5
(18 - 14) + -4 + (-5 - -2 - -9)
6
Evaluate 9 + 2 + -1 - -3 - (-21 - -23).
11
Evaluate 0 + -3 + 8 + (-38 - -6) + 26.
-1
Calculate (44 - 36) + (2 - 0).
10
What is the value of 10 + -32 + (10 - -12)?
0
Evaluate 181 + -181 - (-19 - -1 - (-1 - -1)).
18
-10 - (-8 - (6 - 9))
-5
What is the value of (-9 - -1 - 3) + (65 - 20)?
34
What is the value of (-2 - 4) + -7 + (11 - 9)?
-11
What is the value of -7 + (19 - (43 + -20))?
-11
(1 - -2) + -29 + 20 + -1 + 8
1
(-2 - (-5 + -1) - (40 + -36)) + 14
14
Evaluate (-12 - 22) + -7 + (2 - -6) + 0.
-33
What is the value of 22 + -52 + 38 - (-27 - -1)?
34
Evaluate (4 - 1) + (0 - -2) - 12 - -21.
14
Evaluate -9 + (-19 - -33) + 1.
6
Calculate 3 + 2 + -4 + 20 + -10.
11
What is 1 + 7 - -5 - (28 + -18)?
3
4 - (4 + 5 + 8)
-13
What is the value of -4 + (-4 - (-12 - -10))?
-6
Evaluate (-69 - -91) + -4 + (5 - -4).
27
Calculate -12 - (1 - ((-1 - -10) + (-2 - 3))).
-9
What is -18 + 15 + -15 - (-5 - -14)?
-27
Calculate (-1 - -14) + -10 + -35 + 34.
2
-8 - 0 - (7 - 10) - -9
4
What is 1 + 2 + -17 + (13 - -6)?
5
What is the value of ((9 - -3) + 3 - (-74 - -73)) + 6?
22
What is -16 + (15 - -36 - (0 + -3))?
38
What is (0 - -27) + -1281 + 1264?
10
Evaluate (-6 - 19) + 16 + -5 + 0 + -4.
-18
Calculate 3 - (-13 - (-6 - (2 + (1 - 4)))).
11
What is the value of -17 + 30 + -29 + -2?
-18
7 + (-19 - (-1 + (2 - 5))) - -2
-6
Calculate (-11 + 12 - 13 - -12) + 11.
11
(3 - 1) + 3 + 3 + -8
0
1 + (5 - (12 + 1))
-7
(-22 - -5) + (-27 - (19 + -41))
-22
Calculate 22 + (1 - (28 + -12)) + -12.
-5
Evaluate -1 + (-1 - -3) + (-93 + 71 - -21).
0
Calculate 3 + -2 + 71 + -61.
11
What is -9 + 2 + 23 + -22 - (-9 + 2)?
1
Evaluate 23 + (-28 - -8) + -11 + -2.
-10
What is the value of (-2 - (-2 + -4)) + -28 + (23 - 22)?
-23
Evaluate 3 + 59 + (-129 - -105).
38
What is the value of -3 + 1 + (-15 - (-8 + 3)) + 0?
-12
42 + -2 - (-24 + 44 - 9)
29
What is 6 - (0 + 0) - 2 - (189 + -186)?
1
Evaluate -7 - (-13 + 13 + -6 + 4).
-5
297 + -287 + (-7 + 15 - (-1 - -3))
16
Calculate -2 + 0 + 16 + (-13 - (-20 - -8)).
13
(9 - (-8 - -7)) + -6 + 2
6
What is the value of -2 + (-2 - (-7 - (-21 - -4)))?
-14
Calculate -5 - (-8 - (-1 + -1)) - 5 - -2.
-2
What is 7 + 1 + (-25 - -15) + -3?
-5
(-6 - -2 - -12) + -5 + 11 + -12
2
What is 12 - 16 - (5 - 29) - (-3 + 5)?
18
What is 5 + -5 - (-2 + (6 + 9 - 7))?
-6
Evaluate -22 + 16 + (-5 + 4 - 8) - -3.
-12
What is the value of (5 + (-19 - -9) - -1) + 13?
9
(2 - (11 - -2)) + 19 + -12
-4
What is 3 + (25 + -10 - 12)?
6
Calculate -84 + (107 - 23) + 0 + 25.
25
Evaluate -4 + -1 + (-6 + 8 - 2).
-5
What is 9 - (13 - (-32 - -33))?
-3
What is the value of -2 + (-13 - -3) - (253 + -278)?
13
Evaluate 11 - 9 - 2 - -12.
12
-1 + -8 + (1 - (-16 - 0))
8
-45 - -48 - (3 + (2 - (-2 - 1)))
-5
Evaluate 24 + -18 + 20 + -16.
10
What is (4 - 1) + (36 - 23) + -4 + -5?
7
Evaluate -6 + -75 + (5 - -42).
-34
(-3 + (-4 - (-11 - -5)) - 2) + 8
5
Evaluate (-10 - 15) + 0 + 11.
-14
Evaluate 0 - (-4 + (-14 - -26)).
-8
What is 78 + -109 + (1 - -34)?
4
What is 0 + 3 + -16 + 136 + -136?
-13
Evaluate -7 - -3 - (-2 + (-8 - -6)).
0
What is 79 - 55 - (2 - -6)?
16
Calculate (-6 - -22 - 12) + -1.
3
Calculate -11 + -8 + 9 + (7 - 7).
-10
What is the value of -62 + 100 + (-16 - -2)?
24
What is the value of -2 - -2 - (-5 - (-21 + 3)) - -6?
-7
What is -14 - (-1 - (2 + -4)) - (136 - 141)?
-10
Evaluate -3 + -8 - (-13 + -8 - -23).
-13
What is the value of -121 + 112 + 2 + 8?
1
Evaluate -40 + 42 + -7 + -4.
-9
What is -10 - (10 + -3 - (8 - -3))?
-6
What is the value of -428 + 445 - (0 - 4)?
21
What is the value of -3 + (9 - 17 - -8)?
-3
What is the value of -21 + 2 + (3 - -15 - 21)?
-22
What is (0 - -4) + 8 + (-1 - (14 + -5))?
2
What is 3 + -17 + 3 + (-137 - -141)?
-7
What is the value of 4 - (6 - (-13 - -11))?
-4
-11 - (4 - 3) - (-7 + -2)
-3
7 + (-6 - 28) + (4 - (0 - -8))
-31
Evaluate (18 + -28 + -1 - 9) + -3.
-23
-28 + 1 + (-8 - -15) - 11
-31
Evaluate 3 + (8 + -19 - 13) - -13.
-8
Evaluate -11 + 4 + -1 + (4 - -7) + -1.
2
What is 2 + (22 - (27 - -11))?
-14
Calculate 32 - (-23 + (6 - -14)).
35
Calculate -18 - (-10 + (2 - -9 - 9 - -8)).
-18
Evaluate -19 - -1 - (4 + -18).
-4
What is -13 + 11 + (-3 - 5)?
-10
What is the value of (-3 - (-1 - 9 - -6)) + 20?
21
What is -2 - (-20 + 1 + 53 + -46)?
10
Evaluate -10 - (7 - (13 + -8) - (2 + -2)).
-12
Calculate (44 - 13) + (7 - 8).
30
What is the value of 11 + -13 - -7 - -5?
10
What is -6 + 0 - (-30 + 21) - -3?
6
What is the value of -10 - (-42 + 27) - (4 + 1)?
0
What is 8 + 3 - (180 + -196)?
27
Calculate 4 - 6 - (10 + -5) - (4 - -3).
-14
Calculate -14 + (-28 - (-11 + -40)).
9
6 - 4 - -5 - (55 + -64)
16
What is 7 - 7 - (-8 - -6) - -10?
12
Evaluate -17 - 14 - (-3 - (-4 + 1)).
-31
Calculate 5 - 1 - (175 + -177).
6
Calculate (-17 - (-25 + 3)) + (3 - 12).
-4
Evaluate -15 - (10 + (-33 - -17)).
-9
Evaluate (6 - (4 - 4)) + -5 - 18 - -6.
-11
What is the value of 6 - (20 + 0 + -5 + 8 + 8)?
-25
Evaluate 10 - (31 + -1 - (-6 + (-12 - -13))).
-25
12 - 19 - -18 - -6
17
What is the value of -28 + 25 + 0 + -7?
-10
Calculate -2 - (-1 + 4) - ((-4 - -11) + -2).
-10
-10 - (0 + (8 - (5 - 4)))
-17
What is the value of -18 + 23 + 38 + -28?
15
What is -3 + 17 - 7 - ((0 - 4) + 1)?
10
Calculate -2 + -9 - (73 - 74).
-10
What is -1 + (8 - 3 - ((-2 - 0) + -1))?
7
What is 16 - (24 - 22 - -18)?
-4
What is the value of 1 - 0 - -28 - ((3 - 9) + 12)?
23
What is the value of (6 - (19 + -10)) + -9?
-12
What is 13 + -6 + -7 + -17?
-17
Evaluate -1 - (-5 + (9 - 5) - -12).
-12
What is the value of 17 + 13 + (-9 - 0)?
21
Calculate 12 + 4 + 5 - 40.
-19
-78 + 70 + (-8 - -28)
12
(3 - (-110 + 110 + -1 + -2)) + -8
-2
What is the value of (12 + 0 - -7) + -44 - 2?
-27
What is -2 - ((-1 - (-1 - -6)) + -11 - -5)?
10
Calculate 10 + (7 - 27) + 24 + -1.
13
What is the value of (2 - (10 + -7)) + -1 - -13?
11
Calculate (-38 - (8 + 18)) + 31.
-33
Evaluate 32 + -2 + 121 + -118.
33
What is the value of 23 + -22 + 7 - -5?
13
Calculate 1 + 3 + 5 + -15 + 7.
1
What is the value of -8 + ((3 - 6 - -7) + 4 - 1)?
-1
Calculate (126 - 129) + (-5 - -3) + -7 + -10.
-22
What is 56 - (-15 + 38 - -8)?
25
1 - 20 - (32 - 91 - -47)
-7
Evaluate 11 + 5 - (35 - 19).
0
Evaluate 22 + -7 + -14 - -14.
15
Evaluate -5 + 17 + (-5 - -3) + 5 + -8.
7
Evaluate (13 - 45) + 47 + (1 - -1) + 0.
17
(1 - 1) + 3 + (9 - 0)
12
Evaluate (1 + 0 - (13 + -8)) + -13 + 4.
-13
138 + -143 - (6 - -6)
-17
Evaluate 29 + -30 - -1 - (38 - (3 + -6)).
-41
Evaluate -12 + 10 + (7 - 3).
2
4 + (-4 - -1) - (-4 - (-9 + 1))
-3
-5 - ((14 - 18 - 4) + 6)
-3
-7 + (-1 - 9 - -17)
0
What is 40 + -23 + (6 - 37) - 1?
-15
Calculate 0 + ((8 + -10 - 3) + 4 - -8).
7
-1 + (4 - 20) + 29
12
-4 + (234 - 238 - (1 + -12))
3
What is 5 - ((-4 - (-2 - 0)) + 26 + -27)?
8
What is 2 - (21 - 10) - (1 + -4 + -20)?
14
What is the value of -202 + 196 + (-6 - 1) + 2?
-11
-4 + -12 + 16 - (-2 + 7)
-5
What is the value of (11 - 0) + (-5 - (5 - -5)) + -1?
-5
Evaluate (-4 - (-9 + (0 - -3))) + 7.
9
Calculate (-1 - (6 + -2)) + -15 + 22.
2
What is -11 - ((6 - 1) + (-9 - -16 - 14))?
-9
38 + -38 - -14 - (1 + 44)
-31
(-1 - (-12 + (8 - 7))) + 12
22
Calculate -4 + (-31 - (-18 - 12)).
-5
Evaluate 0 + 5 + (10 + -10 - 0).
5
Calculate -10 - (-21 - -5 - (3 - 4)).
5
-31 - (-6 - (23 + 4))
2
What is the value of 15 + -9 - (13 - (-2 - -5) - 3)?
-1
What is 5 + 9 + -6 + 2 - (-6 + 0)?
16
Calculate -6 + (-8 - (-12 + -8)) + 7.
13
What is (34 - 3) + (-12 - 4) - (8 - -1)?
6
What is 2 + -2 + (4 + -4 + 1 - 6)?
-5
Evaluate (5 - -2) + 5 + (-9 - 0).
3
What is the value of (-2 - 3) + 1 + (-6 - -3)?
-7
What is the value of (3 - 2 - (4 - (-6 - -3))) + -1?
-7
Calculate -2 + 12 + -2 - (-117 + 101).
24
What is (-21 + -19 + 28 - (-43 + 1)) + -2?
28
What is the value of (4 - 9) + (1 - (5 + -2)) - -5?
-2
Calculate 69 + -55 + -27 - (-1 + -43).
31
Calculate -1 - (3 + -7 + (-9 - -7)).
5